0 = 4*g - 2*p + 12, 5*g + 2*p + 33 = -l. What is j(g)?
2
Let l(c) be the second derivative of -7*c**3/6 - c**2/2 + 17*c. What is l(1)?
-8
Let x(b) = b - 5. Suppose -13*y = -12*y - 5. Determine x(y).
0
Let q = 1 - -4. Let a(w) = 0*w + 5*w - w - q*w - 5. Suppose -4 = s + 1. Calculate a(s).
0
Let m(q) = q**3 - 2*q**2 - q - 1. Let t(c) be the second derivative of -c**3/6 - 4*c. Let u be t(-2). What is m(u)?
-3
Suppose 272 - 82 = 5*v. Let g be v/(-14) - 6/21. Let s = -1 + g. Let w(i) = -i**2 - 3*i + 4. What is w(s)?
0
Let l(i) = -i**3 - i**2 + 2. Let b be l(0). Let p(a) be the first derivative of a**3/3 - 5*a**2/2 + a - 6. Give p(b).
-5
Let p = -2 + 2. Let b(c) = c**2 + c - 5. Let y be b(p). Let s be -2 + 2 - (0 + y). Let g(x) = -x + 7. What is g(s)?
2
Let k(f) = f**3 + 3*f**2 + 3*f + 4. Suppose -q + 12 = -5*q. Determine k(q).
-5
Suppose -4*q + 4 = -4. Suppose -4 = -q*y - 2*y. Let j = -1 - y. Let f(t) = -t**3 - 2*t**2 + 3*t + 2. Calculate f(j).
-4
Let x(i) = i**2 + 6*i - 7. Let c be x(-7). Let b(h) = -h**3 - h**2 + 3. Let l be b(c). Let z(s) = -s**2 + l*s + 3 - 1 - 2*s. What is z(0)?
2
Let y(m) = m**3 + m**2 + m - 5. Suppose 4*j - 6*j + 2*n + 10 = 0, 4*j + 20 = -4*n. Calculate y(j).
-5
Let l(j) = j - 1. Let v be l(3). Let r(o) = -1 - 2*o**3 + 4*o**3 - v*o - 5*o**3 + 0*o. What is r(-1)?
4
Let a(z) = 26*z**3 - 2*z**2 + 1. Let f = 95 + -96. Determine a(f).
-27
Let z(o) = o**3 - 6*o**2 + 6*o + 4. Suppose 7*t = 6*t. Suppose -5*g - 3*l + 88 = t, l - 5*l + 4 = 0. Let q = g + -12. Calculate z(q).
9
Suppose 2*z + 2*z = 3*d + 22, 5*z - 24 = 2*d. Let r(m) = -m**2 - 2*m + 4. Give r(z).
-20
Let u(t) be the second derivative of -t**4/12 + t**2 - t. Let f = 70 - 72. Calculate u(f).
-2
Let j(q) = -4*q**3 - 5*q**2 + 4*q + 5. Let t(p) = 9*p**3 + 10*p**2 - 9*p - 11. Let y(l) = 7*j(l) + 3*t(l). Let s be -6 + -2*(-2)/4. Calculate y(s).
-3
Let r(p) = -p**3 + 10*p**2 - 10*p + 8. Let w(y) = y**3 - 6*y**2 + 3*y - 9. Let o be w(6). Determine r(o).
-1
Let b(k) be the first derivative of -4*k**2 - 7. Determine b(1).
-8
Let g = 5 + 2. Suppose -g*w = -2*w. Let x(h) = h**3 + 2. Give x(w).
2
Suppose a - 16 = -3*z - 0*z, 0 = a - 1. Let c be -3 - ((z - 3) + 1). Let i(o) = o**3 + 7*o**2 + 5*o - 6. Determine i(c).
0
Let p(i) = -i - 2. Let m be p(-4). Let v = m + -2. Let x(g) = g - 8. Let f(k) = 3*k - 17. Let l(c) = 2*f(c) - 5*x(c). Give l(v).
6
Let n(m) be the first derivative of m**5/30 + m**4/24 + m**3 + 3. Let s(b) be the third derivative of n(b). Suppose -2*t = -t - 1. Calculate s(t).
5
Let q = -53 + 46. Let j(b) = -25*b**2 + b - 10. Let g be 2/5 + 27/(-5). Let x(l) = 17*l**2 - l + 7. Let t(w) = g*j(w) + q*x(w). Determine t(-1).
5
Let r(a) = a - 1. Suppose 0 = 3*h + 2*f + 3 + 17, 0 = 4*h - 4*f. Determine r(h).
-5
Let m(f) be the second derivative of -4*f + 1/6*f**3 + 1/12*f**4 + 0 + 0*f**2. Let x(l) = -2*l**2 - l - 1. Let u be x(-1). Give m(u).
2
Let r(u) = 2*u. Suppose 12*x - 19*x - 35 = 0. Calculate r(x).
-10
Let v(s) = s**2 + 0 + 6 - 5*s + 5*s + 6*s. Calculate v(-4).
-2
Suppose 4*k - 1 - 7 = 0. Suppose k*u = -0*u + 8. Let q(b) = b**3 + b**2 - b - 1. Let s(w) = -5*w**3 - w**2 + 7*w + 9. Let p(o) = -4*q(o) - s(o). Give p(u).
-1
Suppose 0 = -3*a - 5*q - 10, -3*a - 4*q - 5 = 6. Let z be -3 + 4 - (-2 - 1). Let j(p) = p**2 + 2 - 1 + 0*p**2 + 0*p**2 + z*p. Determine j(a).
6
Suppose -34*r = -29*r + 25. Let g(v) = 5*v**3 - 12*v**2 - 6*v - 1. Let n(t) = -4*t**3 + 11*t**2 + 6*t + 2. Let k(c) = 5*g(c) + 6*n(c). Determine k(r).
2
Suppose -4*c - 3*d = -2*c - 1, 2*d = -c. Let z(v) = 16 - 6 - c*v - 12. Let g be 1/(((-3)/2)/(-3)). Determine z(g).
-6
Let l(z) be the third derivative of z**5/60 + 7*z**4/24 + z**3/6 + 32*z**2. What is l(-8)?
9
Suppose 4*y = o - 1, -y + 5*o = -6*y + 30. Suppose -2*q = -7*q - 10. Let c = q + y. Let z(x) = x**2. Calculate z(c).
1
Let s(j) be the second derivative of -j**3/2 + j**2/2 + 18*j. Determine s(3).
-8
Let x(c) = 4*c**2. Let n = -4 + -11. Let q be n/(-10) + (-2)/4. Give x(q).
4
Let m(g) = -g**2 + 2*g - 3. Let i(u) = -u**2 - 7*u - 5. Let r be i(-5). Suppose -r*w = 6*n - n - 10, 0 = -2*w. Give m(n).
-3
Let l(f) = f**3 + 5*f**2 + 3*f - 4. Let y be l(-3). Let s(h) = h**2 - h + 3 - 4 - 2*h. Determine s(y).
9
Let q(x) = 0*x - 7*x**3 + 2*x + 6 - 4 - 1 + 12*x**2. Let o(v) = 13*v**3 - 23*v**2 - 3*v - 1. Let p(f) = -6*o(f) - 11*q(f). Give p(4).
11
Suppose 28 = 5*k - 2. Let o(a) = -4*a**2 + 5*a - 4. Let x be 312/(-14) - (-4)/14. Let v(l) = -15*l**2 + 19*l - 15. Let f(s) = k*v(s) + x*o(s). Calculate f(3).
-8
Let g(q) be the second derivative of -q**5/20 + q**4/3 + q**3/3 + 3*q**2/2 - 3*q. Determine g(3).
18
Let j(y) = y**3 - 5*y**2 + 5*y - 3. Suppose -14 = -u + 2. Suppose u = 6*s - 2*s. Give j(s).
1
Suppose 10 = 4*b + 18. Let o(h) = h**2 + 3*h - 4. Let x be o(-4). Let p(d) = 6*d - 4*d + 3 + x. Determine p(b).
-1
Let t(y) = 3*y**2 - 5*y**2 + 4*y - y - 2*y. Calculate t(2).
-6
Let r(f) = -11*f**3 - f**2 - 11*f - 8. Let n(u) = 7*u**3 + u**2 + 7*u + 5. Let h(z) = -8*n(z) - 5*r(z). Suppose 1 + 9 = -5*b. Give h(b).
-2
Let p = -11 + 8. Let m(a) = a**2 + 2*a - 4. Determine m(p).
-1
Suppose 0 = 4*k + 5*r + 9, 10 = -9*k + 4*k - 5*r. Let y(a) = 19*a**2 + 2*a + 1. Determine y(k).
18
Let l = -1 + 1. Let r(o) be the first derivative of -o**2/2 + 4*o + 4. Let h be r(l). Let i(v) = -v**3 + 5*v**2 - 4*v + 2. Give i(h).
2
Suppose -2*n = -10, 2*b + 2*n = 5*n - 13. Let w(a) be the third derivative of 7*a**6/120 + a**5/30 - a**4/24 - a**2. What is w(b)?
8
Let v(n) = -3*n**2 - 3*n + 1. Let y(q) = q**2 + q. Let k(b) = -v(b) - 4*y(b). What is k(-2)?
-3
Let k(t) = 4*t - 15. Let p(i) = -26*i + 56. Let x(j) = 5*j - 11. Let v(b) = -3*p(b) - 16*x(b). Let g(h) = -4*k(h) - 7*v(h). Calculate g(6).
-8
Let p = -50 - -54. Let g(q) = -5*q + 6. Determine g(p).
-14
Let z(x) = -5*x. Let u(c) = 4*c. Let v(o) = -6*u(o) - 5*z(o). Calculate v(0).
0
Let v(o) be the first derivative of 7*o**5/60 - o**4/12 + o**3/6 + o**2/2 + 4. Let y(h) be the second derivative of v(h). Calculate y(1).
6
Let x(f) = 13*f + 3. Let n(g) = 6*g + 1. Let l(m) = 5*n(m) - 2*x(m). Determine l(-1).
-5
Let c(x) = -6*x**2 + 5*x - 11. Let w(g) = 7*g**2 - 5*g + 12. Let l(n) = -6*c(n) - 5*w(n). Determine l(4).
2
Let p(w) = 2*w. Let b = 1 + 0. Suppose 5 = 4*k + b. Let u be (-4)/(-4)*k*-1. Determine p(u).
-2
Let p be -9 - (-1 + (-2)/(-1)). Let a be 1/(-1*2/p). Let t(u) = 3*u - 3. Let c(i) = 4*i - 2. Let h(v) = -2*c(v) + 3*t(v). Calculate h(a).
0
Let t(c) = 5*c**2 + c + 8. Let d(v) = -6*v**2 - 9. Let n(g) = 4*d(g) + 5*t(g). Suppose -5*x - 24 = -2*i, -12 = 2*x + 2*i - 4*i. Determine n(x).
0
Let i be -10 + (-16)/14*28/(-8). Let q(h) = h**2 + 5*h - 1. What is q(i)?
5
Let m(u) = 2*u**2 + 3*u - 2. Suppose -4 = 3*z + z. Let k be (-1 - 4)*(z - 0). Suppose 0 = -k*v + 3*v - 6. Calculate m(v).
7
Let x be (-6)/39 - -2 - (-2)/13. Let s(z) be the first derivative of -3/2*z**x + 4*z + 1. Determine s(5).
-11
Let d = -8 - -3. Let f(a) be the first derivative of -a**2 - 5*a + 3. Give f(d).
5
Let d(i) = i**2 + 5*i + 1. Let r = -7 + 3. Let h be ((-4)/(-8))/(1/r). Calculate d(h).
-5
Let y be (-2)/(-1) - 1 - -4. Let w(p) be the third derivative of -1/3*p**3 + 0*p + 1/6*p**4 + 0 + 1/60*p**y + p**2. Determine w(-5).
3
Let l(p) = p**2 + 4*p. Let z(r) = 2*r**2 - 6. Let s be z(0). Calculate l(s).
12
Let s(n) = 4 + 9*n**2 - 12 - 5*n - 3*n - 5*n**3. Let o(r) = r**3 - r**2 + r + 1. Let d(c) = -6*o(c) - s(c). What is d(-4)?
10
Let p(o) = o**2 - 7*o + 5. Let n = -5 + 8. Let c = 2 - n. Let h = c - -6. Determine p(h).
-5
Let x(c) = c**3 - 2*c**2 + c. Let h be x(2). Suppose 0 = -3*y + h*y + 4. Suppose -5*b + y = -3*b. Let q(i) = -i + 4. Calculate q(b).
2
Let y be 9/(-3) + (0 - -8). Let w(f) = 0*f - f + 0*f - y. Determine w(-3).
-2
Let x(w) = 21*w + 24*w + 20*w - 61*w + 2. Determine x(2).
10
Let j(f) = -2*f**3 - 3*f**2 + 7. Let k(p) = -3*p**3 - 7*p**2 + p + 14. Let n = -4 + 7. Let q(z) = n*k(z) - 5*j(z). What is q(5)?
-3
Let n(c) = 2*c - 5. Let g(l) = -l. Let x(z) = 3*g(z) + n(z). What is x(6)?
-11
Let o be (-50)/30 - 2/6. Let w be (-9)/6*o/(-1). Let j(a) = a**3 - 4 - 2*a**3 - a - 2*a**2 + 1. What is j(w)?
9
Let u(w) be the first derivative of 1/3*w**3 + 3 - 2*w**2 - 6*w. What is u(5)?
-1
Let i(a) = 6*a**2 - 9*a**2 - 8 - a**3 - 3*a**2 + 2*a**2 + 3*a. Calculate i(-5).
2
Let h(j) b